[INFO] cloning repository https://github.com/tinaun/futures-playground
[INFO] running `Command { std: "git" "-c" "credential.helper=" "-c" "credential.helper=/workspace/cargo-home/bin/git-credential-null" "clone" "--bare" "https://github.com/tinaun/futures-playground" "/workspace/cache/git-repos/https%3A%2F%2Fgithub.com%2Ftinaun%2Ffutures-playground", kill_on_drop: false }`
[INFO] [stderr] Cloning into bare repository '/workspace/cache/git-repos/https%3A%2F%2Fgithub.com%2Ftinaun%2Ffutures-playground'...
[INFO] running `Command { std: "git" "rev-parse" "HEAD", kill_on_drop: false }`
[INFO] [stdout] 9716af4faddfb5a8ed35e0e582ed1f94f05c5a56
[INFO] checking tinaun/futures-playground against try#72f88fc4e9458f89516a0b8b0868f3718aec5b47 for pr-74989
[INFO] running `Command { std: "git" "clone" "/workspace/cache/git-repos/https%3A%2F%2Fgithub.com%2Ftinaun%2Ffutures-playground" "/workspace/builds/worker-6/source", kill_on_drop: false }`
[INFO] [stderr] Cloning into '/workspace/builds/worker-6/source'...
[INFO] [stderr] done.
[INFO] validating manifest of git repo https://github.com/tinaun/futures-playground on toolchain 72f88fc4e9458f89516a0b8b0868f3718aec5b47
[INFO] running `Command { std: "/workspace/cargo-home/bin/cargo" "+72f88fc4e9458f89516a0b8b0868f3718aec5b47" "read-manifest" "--manifest-path" "Cargo.toml", kill_on_drop: false }`
[INFO] started tweaking git repo https://github.com/tinaun/futures-playground
[INFO] finished tweaking git repo https://github.com/tinaun/futures-playground
[INFO] tweaked toml for git repo https://github.com/tinaun/futures-playground written to /workspace/builds/worker-6/source/Cargo.toml
[INFO] crate git repo https://github.com/tinaun/futures-playground already has a lockfile, it will not be regenerated
[INFO] running `Command { std: "/workspace/cargo-home/bin/cargo" "+72f88fc4e9458f89516a0b8b0868f3718aec5b47" "fetch" "--locked" "--manifest-path" "Cargo.toml", kill_on_drop: false }`
[INFO] [stderr] warning: the cargo feature `edition` is now stable and is no longer necessary to be listed in the manifest
[INFO] [stderr]  Downloading crates ...
[INFO] [stderr]   Downloaded http v0.1.8
[INFO] [stderr]   Downloaded futures-core-preview v0.3.0-alpha.1
[INFO] [stderr]   Downloaded futures-sink-preview v0.3.0-alpha.1
[INFO] [stderr]   Downloaded futures-util-preview v0.3.0-alpha.1
[INFO] [stderr]   Downloaded futures-channel-preview v0.3.0-alpha.1
[INFO] [stderr]   Downloaded futures-io-preview v0.3.0-alpha.1
[INFO] [stderr]   Downloaded h2 v0.1.10
[INFO] running `Command { std: "docker" "create" "-v" "/var/lib/crater-agent-workspace/builds/worker-6/target:/opt/rustwide/target:rw,Z" "-v" "/var/lib/crater-agent-workspace/builds/worker-6/source:/opt/rustwide/workdir:ro,Z" "-v" "/var/lib/crater-agent-workspace/cargo-home:/opt/rustwide/cargo-home:ro,Z" "-v" "/var/lib/crater-agent-workspace/rustup-home:/opt/rustwide/rustup-home:ro,Z" "-e" "SOURCE_DIR=/opt/rustwide/workdir" "-e" "CARGO_TARGET_DIR=/opt/rustwide/target" "-e" "CARGO_HOME=/opt/rustwide/cargo-home" "-e" "RUSTUP_HOME=/opt/rustwide/rustup-home" "-w" "/opt/rustwide/workdir" "-m" "1610612736" "--user" "0:0" "--network" "none" "rustops/crates-build-env@sha256:d92eaeed33fa75130ca1ee6c8a01d1ffb62bac859dfdfb3450e3e5d1c0146529" "/opt/rustwide/cargo-home/bin/cargo" "+72f88fc4e9458f89516a0b8b0868f3718aec5b47" "metadata" "--no-deps" "--format-version=1", kill_on_drop: false }`
[INFO] [stderr] WARNING: Your kernel does not support swap limit capabilities or the cgroup is not mounted. Memory limited without swap.
[INFO] [stdout] 0d10341dbf716563b3810d42a32f73ee53e9115bace7b6124764d23df364439b
[INFO] running `Command { std: "docker" "start" "-a" "0d10341dbf716563b3810d42a32f73ee53e9115bace7b6124764d23df364439b", kill_on_drop: false }`
[INFO] running `Command { std: "docker" "inspect" "0d10341dbf716563b3810d42a32f73ee53e9115bace7b6124764d23df364439b", kill_on_drop: false }`
[INFO] running `Command { std: "docker" "rm" "-f" "0d10341dbf716563b3810d42a32f73ee53e9115bace7b6124764d23df364439b", kill_on_drop: false }`
[INFO] [stdout] 0d10341dbf716563b3810d42a32f73ee53e9115bace7b6124764d23df364439b
[INFO] running `Command { std: "docker" "create" "-v" "/var/lib/crater-agent-workspace/builds/worker-6/target:/opt/rustwide/target:rw,Z" "-v" "/var/lib/crater-agent-workspace/builds/worker-6/source:/opt/rustwide/workdir:ro,Z" "-v" "/var/lib/crater-agent-workspace/cargo-home:/opt/rustwide/cargo-home:ro,Z" "-v" "/var/lib/crater-agent-workspace/rustup-home:/opt/rustwide/rustup-home:ro,Z" "-e" "SOURCE_DIR=/opt/rustwide/workdir" "-e" "CARGO_TARGET_DIR=/opt/rustwide/target" "-e" "CARGO_INCREMENTAL=0" "-e" "RUST_BACKTRACE=full" "-e" "RUSTFLAGS=--cap-lints=forbid" "-e" "CARGO_HOME=/opt/rustwide/cargo-home" "-e" "RUSTUP_HOME=/opt/rustwide/rustup-home" "-w" "/opt/rustwide/workdir" "-m" "1610612736" "--user" "0:0" "--network" "none" "rustops/crates-build-env@sha256:d92eaeed33fa75130ca1ee6c8a01d1ffb62bac859dfdfb3450e3e5d1c0146529" "/opt/rustwide/cargo-home/bin/cargo" "+72f88fc4e9458f89516a0b8b0868f3718aec5b47" "check" "--frozen" "--all" "--all-targets" "--message-format=json", kill_on_drop: false }`
[INFO] [stdout] f27de3baefce6cdc4caa08222154e57eb87734392c35063fa0d979627f119e4b
[INFO] [stderr] WARNING: Your kernel does not support swap limit capabilities or the cgroup is not mounted. Memory limited without swap.
[INFO] running `Command { std: "docker" "start" "-a" "f27de3baefce6cdc4caa08222154e57eb87734392c35063fa0d979627f119e4b", kill_on_drop: false }`
[INFO] [stderr] warning: the cargo feature `edition` is now stable and is no longer necessary to be listed in the manifest
[INFO] [stderr]     Checking futures v0.1.23
[INFO] [stderr]    Compiling httparse v1.3.2
[INFO] [stderr]     Checking indexmap v1.0.1
[INFO] [stderr]     Checking num_cpus v1.8.0
[INFO] [stderr]     Checking rand v0.4.2
[INFO] [stderr]     Checking time v0.1.40
[INFO] [stderr]     Checking log v0.4.3
[INFO] [stderr]     Checking net2 v0.2.33
[INFO] [stderr]     Checking crossbeam-utils v0.3.2
[INFO] [stderr]     Checking futures-core-preview v0.3.0-alpha.1
[INFO] [stderr]     Checking bytes v0.4.9
[INFO] [stdout] error[E0432]: unresolved import `core::mem::PinMut`
[INFO] [stdout]  --> /opt/rustwide/cargo-home/registry/src/github.com-1ecc6299db9ec823/futures-core-preview-0.3.0-alpha.1/src/future.rs:4:5
[INFO] [stdout]   |
[INFO] [stdout] 4 | use core::mem::PinMut;
[INFO] [stdout]   |     ^^^^^^^^^^^^^^^^^ no `PinMut` in `mem`
[INFO] [stdout] 
[INFO] [stdout] 
[INFO] [stdout] error[E0432]: unresolved imports `core::future::FutureObj`, `core::future::LocalFutureObj`, `core::future::UnsafeFutureObj`
[INFO] [stdout]  --> /opt/rustwide/cargo-home/registry/src/github.com-1ecc6299db9ec823/futures-core-preview-0.3.0-alpha.1/src/future.rs:6:32
[INFO] [stdout]   |
[INFO] [stdout] 6 | pub use core::future::{Future, FutureObj, LocalFutureObj, UnsafeFutureObj};
[INFO] [stdout]   |                                ^^^^^^^^^  ^^^^^^^^^^^^^^  ^^^^^^^^^^^^^^^ no `UnsafeFutureObj` in `future`
[INFO] [stdout]   |                                |          |
[INFO] [stdout]   |                                |          no `LocalFutureObj` in `future`
[INFO] [stdout]   |                                no `FutureObj` in `future`
[INFO] [stdout]   |                                help: a similar name exists in the module: `Future`
[INFO] [stdout] 
[INFO] [stdout] 
[INFO] [stdout] error[E0432]: unresolved import `core::mem::PinMut`
[INFO] [stdout]  --> /opt/rustwide/cargo-home/registry/src/github.com-1ecc6299db9ec823/futures-core-preview-0.3.0-alpha.1/src/stream.rs:5:5
[INFO] [stdout]   |
[INFO] [stdout] 5 | use core::mem::PinMut;
[INFO] [stdout]   |     ^^^^^^^^^^^^^^^^^ no `PinMut` in `mem`
[INFO] [stdout] 
[INFO] [stdout] 
[INFO] [stdout] error[E0432]: unresolved imports `core::task::Executor`, `core::task::LocalWaker`, `core::task::UnsafeWake`, `core::task::SpawnErrorKind`, `core::task::SpawnObjError`, `core::task::SpawnLocalObjError`
[INFO] [stdout]  --> /opt/rustwide/cargo-home/registry/src/github.com-1ecc6299db9ec823/futures-core-preview-0.3.0-alpha.1/src/task.rs:4:20
[INFO] [stdout]   |
[INFO] [stdout] 4 |     Context, Poll, Executor,
[INFO] [stdout]   |                    ^^^^^^^^ no `Executor` in `task`
[INFO] [stdout] 5 |     Waker, LocalWaker, UnsafeWake,
[INFO] [stdout]   |            ^^^^^^^^^^  ^^^^^^^^^^ no `UnsafeWake` in `task`
[INFO] [stdout]   |            |
[INFO] [stdout]   |            no `LocalWaker` in `task`
[INFO] [stdout] 6 |     SpawnErrorKind, SpawnObjError, SpawnLocalObjError,
[INFO] [stdout]   |     ^^^^^^^^^^^^^^  ^^^^^^^^^^^^^  ^^^^^^^^^^^^^^^^^^ no `SpawnLocalObjError` in `task`
[INFO] [stdout]   |     |               |
[INFO] [stdout]   |     |               no `SpawnObjError` in `task`
[INFO] [stdout]   |     no `SpawnErrorKind` in `task`
[INFO] [stdout] 
[INFO] [stdout] 
[INFO] [stdout] error[E0432]: unresolved import `std::boxed::PinBox`
[INFO] [stdout]    --> /opt/rustwide/cargo-home/registry/src/github.com-1ecc6299db9ec823/futures-core-preview-0.3.0-alpha.1/src/stream.rs:128:27
[INFO] [stdout]     |
[INFO] [stdout] 128 |     use std::boxed::{Box, PinBox};
[INFO] [stdout]     |                           ^^^^^^ no `PinBox` in `boxed`
[INFO] [stdout] 
[INFO] [stdout] 
[INFO] [stdout] error[E0432]: unresolved imports `std::task::local_waker`, `std::task::local_waker_from_nonlocal`
[INFO] [stdout]   --> /opt/rustwide/cargo-home/registry/src/github.com-1ecc6299db9ec823/futures-core-preview-0.3.0-alpha.1/src/task.rs:10:31
[INFO] [stdout]    |
[INFO] [stdout] 10 |     pub use std::task::{Wake, local_waker, local_waker_from_nonlocal};
[INFO] [stdout]    |                               ^^^^^^^^^^^  ^^^^^^^^^^^^^^^^^^^^^^^^^ no `local_waker_from_nonlocal` in `task`
[INFO] [stdout]    |                               |
[INFO] [stdout]    |                               no `local_waker` in `task`
[INFO] [stdout] 
[INFO] [stdout] 
[INFO] [stdout] error[E0658]: use of unstable library feature 'wake_trait'
[INFO] [stdout]   --> /opt/rustwide/cargo-home/registry/src/github.com-1ecc6299db9ec823/futures-core-preview-0.3.0-alpha.1/src/task.rs:10:25
[INFO] [stdout]    |
[INFO] [stdout] 10 |     pub use std::task::{Wake, local_waker, local_waker_from_nonlocal};
[INFO] [stdout]    |                         ^^^^
[INFO] [stdout]    |
[INFO] [stdout]    = note: see issue #69912 <https://github.com/rust-lang/rust/issues/69912> for more information
[INFO] [stdout]    = help: add `#![feature(wake_trait)]` to the crate attributes to enable
[INFO] [stdout] 
[INFO] [stdout] 
[INFO] [stdout] error: aborting due to 7 previous errors
[INFO] [stdout] 
[INFO] [stdout] 
[INFO] [stdout] Some errors have detailed explanations: E0432, E0658.
[INFO] [stdout] 
[INFO] [stdout] For more information about an error, try `rustc --explain E0432`.
[INFO] [stdout] 
[INFO] [stderr] error: could not compile `futures-core-preview`.
[INFO] [stderr] 
[INFO] [stderr] To learn more, run the command again with --verbose.
[INFO] [stderr] warning: build failed, waiting for other jobs to finish...
[INFO] [stderr] error: build failed
[INFO] running `Command { std: "docker" "inspect" "f27de3baefce6cdc4caa08222154e57eb87734392c35063fa0d979627f119e4b", kill_on_drop: false }`
[INFO] running `Command { std: "docker" "rm" "-f" "f27de3baefce6cdc4caa08222154e57eb87734392c35063fa0d979627f119e4b", kill_on_drop: false }`
[INFO] [stdout] f27de3baefce6cdc4caa08222154e57eb87734392c35063fa0d979627f119e4b
